{"id":1244,"date":"2024-01-16T14:21:59","date_gmt":"2024-01-16T13:21:59","guid":{"rendered":"https:\/\/redmax.com.pl\/?page_id=1244"},"modified":"2024-01-16T14:22:00","modified_gmt":"2024-01-16T13:22:00","slug":"przedstawiciele-handlowi-sa-otwarci-na-spotkania-podczas-ktorych-w-przejrzysty-sposob-wyjasnia-wszystkie-zalety-elementow-wentylacyjnych-i-zaproponuja-korzystna-ofertew-zakresie-wspolpracy-detaliczne","status":"publish","type":"page","link":"https:\/\/redmax.com.pl\/?page_id=1244","title":{"rendered":"Przedstawiciele handlowi s\u0105 otwarci na spotkania, podczas kt\u00f3rych w przejrzysty spos\u00f3b wyja\u015bni\u0105 wszystkie zalety element\u00f3w wentylacyjnych i zaproponuj\u0105 korzystn\u0105 ofert\u0119w zakresie wsp\u00f3\u0142pracy detalicznej lub hurtowej."},"content":{"rendered":"","protected":false},"excerpt":{"rendered":"","protected":false},"author":1,"featured_media":0,"parent":0,"menu_order":0,"comment_status":"closed","ping_status":"closed","template":"","meta":{"footnotes":""},"class_list":["post-1244","page","type-page","status-publish","hentry"],"_links":{"self":[{"href":"https:\/\/redmax.com.pl\/index.php?rest_route=\/wp\/v2\/pages\/1244","targetHints":{"allow":["GET"]}}],"collection":[{"href":"https:\/\/redmax.com.pl\/index.php?rest_route=\/wp\/v2\/pages"}],"about":[{"href":"https:\/\/redmax.com.pl\/index.php?rest_route=\/wp\/v2\/types\/page"}],"author":[{"embeddable":true,"href":"https:\/\/redmax.com.pl\/index.php?rest_route=\/wp\/v2\/users\/1"}],"replies":[{"embeddable":true,"href":"https:\/\/redmax.com.pl\/index.php?rest_route=%2Fwp%2Fv2%2Fcomments&post=1244"}],"version-history":[{"count":1,"href":"https:\/\/redmax.com.pl\/index.php?rest_route=\/wp\/v2\/pages\/1244\/revisions"}],"predecessor-version":[{"id":1245,"href":"https:\/\/redmax.com.pl\/index.php?rest_route=\/wp\/v2\/pages\/1244\/revisions\/1245"}],"wp:attachment":[{"href":"https:\/\/redmax.com.pl\/index.php?rest_route=%2Fwp%2Fv2%2Fmedia&parent=1244"}],"curies":[{"name":"wp","href":"https:\/\/api.w.org\/{rel}","templated":true}]}}